w, 0 = -4*l - 16. Suppose 0 = -4*r - w + 148. Suppose 3*q - 30 = r. List the prime factors of q.
2, 3
Suppose -m + 7 = 3*l - 2*m, -4*m = -4*l - 4. Suppose -v - d = -13, l*v + v - d = 71. What are the prime factors of v?
2, 7
Let l(u) = 6*u + 4. Let z(n) = 11*n + 9. Let i(p) = -7*l(p) + 3*z(p). List the prime factors of i(-3).
2, 13
What are the prime factors of (-2)/(-5) - (-744)/15?
2, 5
Suppose w + 213 = 4*o, -w + 0*w = -o + 57. List the prime factors of o.
2, 13
Suppose 5*l - n + 74 = 311, -3*l + 2*n + 138 = 0. What are the prime factors of l?
2, 3
What are the prime factors of (2/(-5))/(13282/(-1660) - -8)?
2, 83
Suppose 4*p = 64 + 144. List the prime factors of p/3 + (-8)/24.
17
List the prime factors of 0 + 2 + -3 + -1 + 55.
53
Suppose -4*t - 10 + 190 = 0. What are the prime factors of (1/(-3))/((-1)/t)?
3, 5
Let b = 2 + 1. Suppose b*m - 5 = -5*w - 4, 0 = -w - 1. List the prime factors of m.
2
Suppose 0*p + 2*p + 18 = 0. Let s = 5 + p. Let b = 8 + s. What are the prime factors of b?
2
Let y = -7 + 3. List the prime factors of (-80)/(-6) + y/(-6).
2, 7
Let v = -82 - -84. Let s be ((-2)/(-3))/((-2)/(-15)). Suppose s*n - v*n = 63. What are the prime factors of n?
3, 7
Let d(b) = 2*b**2 - 11*b + 8. Let o be d(8). Suppose 2*j = -2*j + o. What are the prime factors of j?
2, 3
Suppose 4*d = -4*a, -a - 3*d - 4 = -0. Suppose 8 = 2*n + a. List the prime factors of n.
3
List the prime factors of 1/((4/(-28))/(-1)).
7
Suppose -34 = 5*p - 144. What are the prime factors of p?
2, 11
Suppose 0*j = -2*j + 4*y + 234, 432 = 4*j + y. List the prime factors of j.
109
Let u(j) = j**2 + 8*j. Let w be u(-8). Suppose -2*t = -w*t - p - 5, 28 = 4*t + 4*p. What are the prime factors of t?
2
Let z(i) = -i**3 - 2*i**2 + 3*i - 9. What are the prime factors of z(-6)?
3, 13
What are the prime factors of 134 - (1/(-2)*4)/2?
3, 5
Let r(b) = 2*b**2 + 9*b + 5. Let y be -3 + 5/((-5)/4). List the prime factors of r(y).
2, 5
Suppose 10*r - 555 = 5*r + 3*j, 94 = r - 4*j. List the prime factors of r.
2, 3, 19
Let u = -4 + 8. Suppose 0*j + 135 = 5*j. Suppose 2*g + 4*n = 36, -u*g - 2*n + j = -3*n. List the prime factors of g.
2
Suppose 25 = 4*u + u. Let f(k) = 0*k**3 + 0*k - 6*k**2 + k**3 + 6*k + 0*k**2. List the prime factors of f(u).
5
Let y(p) = -34*p - 5. Let t be y(-2). Suppose -4*h + t = -3*i, -2*h - 3*i + 21 = -24. List the prime factors of h.
2, 3
Let f = 6 + -4. Suppose -f*d - d + 12 = 0. List the prime factors of 23/2 + 2/d.
2, 3
Suppose -5*t - 8 - 39 = -3*b, 2*b = -t + 1. Let u(p) = p + 14. What are the prime factors of u(t)?
7
Let k(w) = -w**3 - 10*w**2 + 11*w + 1. Let v be k(-11). What are the prime factors of v + 3/(1 - -2)?
2
Suppose -2*a - 16 = -6*a. Suppose 0 = 2*u - a*o + 3*o - 38, u - 19 = o. What are the prime factors of u?
19
Let u = 3 + 1. Suppose 2*w - 2 = u*w. What are the prime factors of 1 - ((-30)/2 - w)?
3, 5
Let a = -18 + 64. Let q = 8 - 3. Suppose -a + 16 = -q*u. List the prime factors of u.
2, 3
What are the prime factors of (-723)/(-7) + (-2)/7?
103
Suppose 2*v = 4*m - 32, m - 6*m - v + 40 = 0. What are the prime factors of m?
2
Let l = 348 + -230. Suppose l + 20 = 3*f. What are the prime factors of f?
2, 23
Let t = 144 - 51. Let m = -52 + t. What are the prime factors of m?
41
Let u(b) = 5*b + 7*b - 5*b - 6. Let a be u(4). Suppose -5*q = g - 43, -2*q + 2*g - 4*g = -a. What are the prime factors of q?
2
Suppose -3*t = -4*u - 28, -4*t = -2*u + u - 7. Let c = 15 - u. What are the prime factors of c?
2, 11
Let d(n) = 3*n + 12. Suppose 3*u - 4 - 5 = 0. Let b(p) = -6*p - 23. Let f(a) = u*b(a) + 5*d(a). What are the prime factors of f(-6)?
3
Suppose 0*z + 35 = 5*z. What are the prime factors of (z/(-21))/((-1)/51)?
17
Let p(i) = 3*i**3 + 5*i + 7. Let q be p(-3). Let g = q - -143. List the prime factors of g.
2, 3
Let k(m) = -m**2 - 4*m - 3. Let d be k(-2). List the prime factors of (d + -2)/(2/(-20)).
2, 5
Suppose x = -5*g + 17, g - 3*x + 21 = 6*g. Suppose g*d - 2 = d. What are the prime factors of d/3 - (-46)/6?
2
Let h = -3 - -13. Let f = 2 + h. List the prime factors of f.
2, 3
Let s(u) = -8*u - 3. Let h = 11 - 14. What are the prime factors of s(h)?
3, 7
Let t = -148 + 232. List the prime factors of t.
2, 3, 7
List the prime factors of ((-2)/4)/(2/(-40)).
2, 5
Let a = -46 - -92. Suppose 121 = 5*t + a. List the prime factors of t.
3, 5
Suppose 2*h - 4*h = 166. Let p = h + 116. What are the prime factors of p?
3, 11
Let z = 8 - 8. Suppose -13 = -2*r + f - z, -3*r = -4*f - 12. List the prime factors of r.
2
Let b(d) = 1. Let s(p) = p**3 - 7*p**2 + 3. Let t(y) = 6*b(y) - s(y). Let o be t(7). Suppose -2*i - o*f = -29, 4*i - 4*f - 13 = -f. List the prime factors of i.
7
Suppose 5*u - 268 = u. Let n = u - 33. List the prime factors of n.
2, 17
Let z = -6 + 12. Let i be 64/(-10) + z/15. What are the prime factors of ((-20)/(-2))/(i/(-3))?
5
Suppose 3 - 6 = -h. Suppose 5*d + 10 = h*d, -2*w = -5*d - 83. List the prime factors of w.
29
Let i = -30 + -3. Let b = 47 + i. List the prime factors of b.
2, 7
Let i be (5/1)/(-3 + 2). Let t(h) = h**2 + 6*h. Let x be t(i). List the prime factors of 15/(-6)*(x - 1).
3, 5
Let z be ((-4)/(-3))/(3/9). Let j = z + -2. Suppose 2*i = -5*u + 8 + 19, -j*u - 5*i - 6 = 0. What are the prime factors of u?
7
What are the prime factors of (-18)/30 + 3792/20?
3, 7
Let u(l) = l**3 + 2*l**2 - 2*l**2 + 2*l + 4 + 4*l**2. Let t be u(-4). List the prime factors of t*((-1)/2 - 0).
2
Let b = 14 - 7. Let d = b + 7. What are the prime factors of d?
2, 7
Suppose 182 - 1301 = -3*p. List the prime factors of p.
373
Let i = 12 + 0. Suppose -4*x + 0*x - i = 0. What are the prime factors of ((-4)/6)/(1/x)?
2
Let c = 14 + -10. Let m = -1 + c. Let k(o) = 2*o**2 - 3*o - 4. What are the prime factors of k(m)?
5
Suppose 15*m + 129 = 18*m. What are the prime factors of m?
43
Let a be (12/7)/((-8)/(-84)). Suppose 4*s - 5*k + 60 = 0, -2*s + 45 = -5*s + 3*k. What are the prime factors of (5/s)/((-1)/a)?
2, 3
Suppose -p = -2*v - 71, 2*p = -p + 5*v + 212. Suppose 5*g - 88 = -2*b, -g - 3*g + p = 3*b. What are the prime factors of g?
2, 3
Let q(z) = -3*z**3 + 4*z**2 + 10*z + 4. Let y(m) = m**3 + m**2 - m. Let x(t) = q(t) + 2*y(t). List the prime factors of x(7).
11
Let y(r) = 2*r**2 + 10*r + 5. Let i(x) = 5*x**2 + 21*x + 9. Let j(p) = 3*i(p) - 7*y(p). Let k be j(9). Let f = 18 - k. List the prime factors of f.
2
Let r = 27 + -9. Suppose -r = -u - 7. What are the prime factors of u?
11
Let v(u) = -u**3 + 16. Suppose -5*o + 3*w + 0*w = -41, -2*o - 2*w + 10 = 0. Suppose 2*n - 3*z + o = -2, -5*n = -z + 3. What are the prime factors of v(n)?
2
Suppose 146 = 4*c - 6*c. Let i = -39 - c. List the prime factors of i.
2, 17
Let s(c) = c. Let t be s(-2). List the prime factors of 106/4 - 1/t.
3
Suppose 7*l = 2*l + 185. What are the prime factors of l?
37
Suppose 0 = 3*w - 6*w + 243. List the prime factors of w.
3
Suppose -5*i = u - 4, 0 = u + 2*u + i - 12. Let t(k) = -k**3 + 5*k**2 + k + 3. List the prime factors of t(u).
23
Let h be -2*((-20)/8 - -2). List the prime factors of 22 + (h - 1) + -1.
3, 7
Suppose -2*c - 10 = -g - 5*c, -14 = g - 5*c. Suppose 2 = t - g. What are the prime factors of t?
3
Let g be (-6)/(-21) - 636/(-28). Let a = g - 5. List the prime factors of a.
2, 3
Let g = -309 + 447. What are the prime factors of g?
2, 3, 23
Let y(j) = -14*j**3 - 2*j**2 - j. Suppose -4*i + 0 - 16 = 5*u, -3*i = 2*u + 12. Let z be (i/(-4))/(-1 + 0). List the prime factors of y(z).
13
Suppose 4*s = 5*s - 44. What are the prime factors of s?
2, 11
List the prime factors of (-26)/(-1) - 6/(-6).
3
Let n(m) = 3*m + 29. What are the prime factors of n(-9)?
2
List the prime factors of (-101)/(-6) - 2/(-12).
17
Suppose 5*m - 257 = 28. List the prime factors of m.
3, 19
Let f be 1 - (1 - -2) - 6. What are the prime factors of f*(10/8 + -2)?
2, 3
Suppose -w = w - 44. Suppose -4*x + 114 = -w. What are the prime factors of x?
2, 17
Let u = -3 - -4. Let i be u*(-2 + (2 - 0)). Suppose 4*b - 3*l - 48 = i, -3*b + 2*l + 19 = 4*l. What are the prime factors of b?
3
Let h(m) = -m**2 - m - 5. Let a be h(0). Let y = 7 + a. Suppose 4*i + y = 46. List the prime factors of i.
11
Suppose -32 = -8*m + 4*m. List the prime factors of m.
2
Suppose z = 4*z - 36. Let p = 39 - z. What are the prime facto